What are the prime factors of 387781?
387781
What are the prime factors of 2969628?
2, 3, 17, 14557
List the prime factors of 395376.
2, 3, 8237
List the prime factors of 430744.
2, 23, 2341
What are the prime factors of 258142?
2, 337, 383
List the prime factors of 4825161.
3, 11, 17, 47, 61
What are the prime factors of 839354?
2, 73, 5749
What are the prime factors of 1771242?
2, 3, 11, 47, 571
List the prime factors of 1578335.
5, 11, 28697
What are the prime factors of 7239492?
2, 3, 13, 31, 499
What are the prime factors of 3378888?
2, 3, 15643
List the prime factors of 2561917.
17, 37, 4073
List the prime factors of 1081769.
13, 37, 173
List the prime factors of 31912118.
2, 7, 367, 6211
What are the prime factors of 430848?
2, 3, 11, 17
List the prime factors of 204472.
2, 61, 419
List the prime factors of 240015.
3, 5, 16001
List the prime factors of 525577.
13, 40429
List the prime factors of 279485.
5, 55897
What are the prime factors of 1551067?
7, 221581
List the prime factors of 15616018.
2, 11, 173, 373
List the prime factors of 230381.
101, 2281
List the prime factors of 7633604.
2, 11, 173491
List the prime factors of 1774522.
2, 887261
List the prime factors of 5442643.
229, 23767
What are the prime factors of 541396?
2, 135349
What are the prime factors of 2752714?
2, 53, 25969
What are the prime factors of 496411?
661, 751
What are the prime factors of 748818?
2, 3, 7, 283
List the prime factors of 15858497.
379, 41843
What are the prime factors of 86497?
67, 1291
What are the prime factors of 3773475?
3, 5, 31, 541
List the prime factors of 6509037.
3, 41, 52919
List the prime factors of 12167644.
2, 23, 132257
What are the prime factors of 122763?
3, 151, 271
What are the prime factors of 128454?
2, 3, 79, 271
List the prime factors of 25586.
2, 11, 1163
What are the prime factors of 119827?
119827
What are the prime factors of 1790325?
3, 5, 73, 109
What are the prime factors of 833871?
3, 239, 1163
List the prime factors of 11324125.
5, 17, 73
What are the prime factors of 197894?
2, 98947
List the prime factors of 352100.
2, 5, 7, 503
List the prime factors of 279366.
2, 3, 101, 461
List the prime factors of 1407421.
419, 3359
List the prime factors of 54722.
2, 27361
List the prime factors of 8509453.
8509453
List the prime factors of 1256720.
2, 5, 23, 683
List the prime factors of 1967083.
223, 8821
What are the prime factors of 19209861?
3, 11, 29, 6691
List the prime factors of 28937.
19, 1523
List the prime factors of 2277810.
2, 3, 5, 25309
What are the prime factors of 33198769?
59, 562691
List the prime factors of 42198259.
19, 2220961
What are the prime factors of 380088?
2, 3, 5279
What are the prime factors of 15875711?
163, 97397
What are the prime factors of 1555543?
11, 141413
List the prime factors of 4629732.
2, 3, 385811
List the prime factors of 1603295.
5, 320659
List the prime factors of 291939.
3, 23, 4231
List the prime factors of 508915.
5, 11, 19, 487
List the prime factors of 1927032.
2, 3, 23, 3491
What are the prime factors of 3820041?
3, 47161
What are the prime factors of 16637087?
37, 43, 10457
List the prime factors of 566951.
7, 11, 37, 199
What are the prime factors of 1001446?
2, 500723
What are the prime factors of 369741?
3, 37, 3331
What are the prime factors of 144422?
2, 72211
What are the prime factors of 2076971?
13, 197, 811
List the prime factors of 4445001.
3, 11, 59, 761
List the prime factors of 316696.
2, 31, 1277
List the prime factors of 116806.
2, 58403
What are the prime factors of 9281381?
1051, 8831
What are the prime factors of 43862035?
5, 7, 23, 103
List the prime factors of 28188466.
2, 61, 231053
List the prime factors of 31811.
13, 2447
What are the prime factors of 5937020?
2, 5, 37, 71, 113
What are the prime factors of 993442?
2, 59, 8419
List the prime factors of 1060044.
2, 3, 88337
What are the prime factors of 729884?
2, 182471
List the prime factors of 8870440.
2, 5, 211, 1051
What are the prime factors of 164788?
2, 13, 3169
List the prime factors of 27727675.
5, 281, 3947
What are the prime factors of 3682105?
5, 7, 19, 113
List the prime factors of 146258.
2, 7, 31, 337
List the prime factors of 33800102.
2, 7, 311, 1109
List the prime factors of 422189.
31, 13619
List the prime factors of 305118.
2, 3, 11, 23, 67
List the prime factors of 767677.
767677
List the prime factors of 3299014.
2, 1649507
List the prime factors of 243520.
2, 5, 761
List the prime factors of 213229.
213229
What are the prime factors of 19059?
3, 6353
List the prime factors of 1015488.
2, 3, 41, 43
List the prime factors of 244344.
2, 3, 10181
List the prime factors of 472950.
2, 3, 5, 1051
What are the prime factors of 4841404?
2, 1210351
What are the prime factors of 26228?
2, 79, 83
What are the prime factors of 3845684?
2, 61, 15761
List the prime factors of 7276104.
2, 3, 11, 9187
What are the prime factors of 712251?
3, 79139
List the prime factors of 9353118.
2, 3, 157, 9929
List the prime factors of 932840.
2, 5, 23321
List the prime factors of 2335141.
61, 38281
What are the prime factors of 1869513?
3, 623171
List the prime factors of 24964716.
2, 3, 7, 42457
What are the prime factors of 156043?
17, 67, 137
What are the prime factors of 684861?
3, 43, 5309
List the prime factors of 3132271.
31, 79, 1279
What are the prime factors of 4079321?
31, 131591
List the prime factors of 13322654.
2, 6661327
What are the prime factors of 7771540?
2, 5, 7, 55511
What are the prime factors of 4786284?
2, 3, 398857
List the prime factors of 14725349.
17, 866197
What are the prime factors of 2240560?
2, 5, 7, 4001
List the prime factors of 3657520.
2, 5, 131, 349
What are the prime factors of 326090?
2, 5, 32609
List the prime factors of 195417.
3, 21713
List the prime factors of 830470.
2, 5, 83047
What are the prime factors of 7853098?
2, 11, 356959
List the prime factors of 10071.
3, 373
What are the prime factors of 1323304?
2, 53, 3121
What are the prime factors of 8552616?
2, 3, 433, 823
List the prime factors of 148664.
2, 18583
List the prime factors of 3737931.
3, 53, 23509
What are the prime factors of 14174847?
3, 521, 3023
List the prime factors of 14716.
2, 13, 283
List the prime factors of 1166295.
3, 5, 13, 5981
What are the prime factors of 74080?
2, 5, 463
List the prime factors of 31268790.
2, 3, 5, 7, 49633
List the prime factors of 8495.
5, 1699
What are the prime factors of 4638114?
2, 3, 13, 6607
List the prime factors of 23247590.
2, 5, 457, 5087
List the prime factors of 271908.
2, 3, 7, 13, 83
What are the prime factors of 570388?
2, 7, 13, 1567
List the prime factors of 44868.
2, 3, 3739
List the prime factors of 339033.
3, 113011
List the prime factors of 312239.
17, 18367
What are the prime factors of 910507?
13, 70039
What are the prime factors of 607503?
3, 13, 37, 421
List the prime factors of 2686551.
3, 7, 127931
List the prime factors of 279677.
307, 911
List the prime factors of 8495.
5, 1699
What are the prime factors of 1119969?
3, 107, 1163
List the prime factors of 308430.
2, 3, 5, 23, 149
List the prime factors of 689074.
2, 113, 3049
List the prime factors of 1365189.
3, 7, 37, 251
List the prime factors of 41362.
2, 20681
List the prime factors of 36127.
7, 13, 397
List the prime factors of 1526972.
2, 229, 1667
List the prime factors of 2035677.
3, 7, 31, 53, 59
What are the prime factors of 7759390?
2, 5, 775939
What are the prime factors of 117927?
3, 13103
List the prime factors of 9795637.
127, 137, 563
List the prime factors of 32125.
5, 257
What are the prime factors of 1112097?
3, 7, 52957
List the prime factors of 6393256.
2, 317, 2521
What are the prime factors of 8579568?
2, 3, 47, 3803
List the prime factors of 2051014.
2, 7, 43, 3407
What are the prime factors of 5229443?
5229443
What are the prime factors of 624024?
2, 3, 107
What are the prime factors of 918478?
2, 11, 83, 503
What are the prime factors of 3354118?
2, 587, 2857
List the prime factors of 3065736.
2, 3, 127739
What are the prime factors of 19605200?
2, 5, 23, 2131
What are the prime factors of 845655?
3, 5, 56377
What are the prime factors of 15536091?
3, 19, 272563
List the prime factors of 48666.
2, 3, 8111
What are the prime factors of 26132986?
2,